Is 95422 a composite number?
True
Is 480133 a composite number?
False
Is 195401 prime?
True
Is 52783 a prime number?
True
Is 7186 a prime number?
False
Is 4811 a prime number?
False
Is 3309 a prime number?
False
Is 1939 a composite number?
True
Is 137395 prime?
False
Is 59779 composite?
False
Is 49757 composite?
False
Is 13633 a prime number?
True
Is 37 a composite number?
False
Is 88769 composite?
True
Is 217037 a prime number?
False
Is 38219 a composite number?
False
Is 4721 a composite number?
False
Is 1449479 composite?
False
Is 8663 prime?
True
Is 541 composite?
False
Is 2495 a prime number?
False
Is 497771 composite?
False
Is 35011 composite?
True
Is 33869 prime?
False
Is 257755 prime?
False
Is 2731 composite?
False
Is 2978 a prime number?
False
Is 7897 composite?
True
Is 349449 composite?
True
Is 301255 a composite number?
True
Is 8354 composite?
True
Is 1829 a composite number?
True
Is 719 a prime number?
True
Is 20555 a prime number?
False
Is 281527 composite?
False
Is 3067 prime?
True
Is 22394 a composite number?
True
Is 153905 a prime number?
False
Is 301979 composite?
False
Is 931897 composite?
True
Is 6117 composite?
True
Is 2459 prime?
True
Is 33783 composite?
True
Is 199777 prime?
True
Is 131171 a composite number?
False
Is 506393 a composite number?
False
Is 24965 composite?
True
Is 1054517 prime?
True
Is 34691 a prime number?
False
Is 90887 a composite number?
False
Is 119159 composite?
False
Is 22187 a composite number?
True
Is 12365 prime?
False
Is 1276103 prime?
True
Is 2434229 prime?
False
Is 3409777 a prime number?
False
Is 3071 composite?
True
Is 239609 a prime number?
False
Is 524893 a composite number?
False
Is 10847 composite?
False
Is 70753 composite?
False
Is 142385 a prime number?
False
Is 913 a composite number?
True
Is 199103 a composite number?
False
Is 19797 a composite number?
True
Is 68851 a prime number?
False
Is 741017 composite?
True
Is 1439 a composite number?
False
Is 719 a prime number?
True
Is 238949 a composite number?
False
Is 894863 a composite number?
True
Is 1498079 a composite number?
True
Is 442439 a composite number?
False
Is 1365907 a prime number?
True
Is 12323 prime?
True
Is 614 a composite number?
True
Is 57053 a prime number?
False
Is 4435 a prime number?
False
Is 4709 composite?
True
Is 5737 a prime number?
True
Is 39821 a prime number?
True
Is 4783 a composite number?
False
Is 69467 prime?
True
Is 18697 a prime number?
False
Is 116141 a composite number?
False
Is 26483 a prime number?
False
Is 41669 composite?
False
Is 723295 prime?
False
Is 130945 a composite number?
True
Is 5027 a composite number?
True
Is 3365 prime?
False
Is 2167 prime?
False
Is 240151 a prime number?
True
Is 103297 composite?
True
Is 2963 a prime number?
True
Is 797807 a composite number?
True
Is 11441 composite?
True
Is 59333 a composite number?
False
Is 80435 a prime number?
False
Is 97607 a prime number?
True
Is 47051 a prime number?
True
Is 3137 composite?
False
Is 40609 prime?
True
Is 22261 composite?
True
Is 77299 composite?
True
Is 115111 composite?
True
Is 5471 a prime number?
True
Is 92849 a prime number?
True
Is 5471 prime?
True
Is 104879 composite?
False
Is 1361 a composite number?
False
Is 163 prime?
True
Is 21374 prime?
False
Is 174527 a prime number?
True
Is 2773427 composite?
True
Is 10007 a composite number?
False
Is 100897 a composite number?
True
Is 401111 composite?
True
Is 21955 prime?
False
Is 57287 a prime number?
True
Is 1725757 a composite number?
True
Is 3103 a prime number?
False
Is 4766713 a composite number?
True
Is 9131 a composite number?
True
Is 122777 prime?
True
Is 38593 prime?
True
Is 234007 prime?
True
Is 19661 a composite number?
False
Is 733739 composite?
True
Is 153191 prime?
True
Is 5617 a prime number?
False
Is 48277 a composite number?
True
Is 23451 a composite number?
True
Is 38267 prime?
False
Is 3737 a prime number?
False
Is 24191 a prime number?
False
Is 101063 composite?
False
Is 232529 a prime number?
False
Is 1557547 composite?
False
Is 45863 prime?
True
Is 163887 prime?
False
Is 38273 composite?
False
Is 6449 prime?
True
Is 52051 a prime number?
True
Is 39391 a prime number?
False
Is 2707 a prime number?
True
Is 1230419 prime?
False
Is 12677 prime?
False
Is 80111 prime?
True
Is 202967 a prime number?
True
Is 2579 prime?
True
Is 715471 a composite number?
True
Is 407 a composite number?
True
Is 95533 prime?
False
Is 21859 prime?
True
Is 12239 a prime number?
True
Is 8329 prime?
True
Is 95911 composite?
False
Is 21517 a composite number?
False
Is 10666 a prime number?
False
Is 13057 composite?
True
Is 1722923 a composite number?
False
Is 22787 prime?
True
Is 81682 a prime number?
False
Is 4942877 a composite number?
False
Is 189403 composite?
True
Is 707429 a composite number?
False
Is 934001 a composite number?
False
Is 54193 composite?
False
Is 4483 prime?
True
Is 28463 a prime number?
True
Is 2053 a composite number?
False
Is 821 a composite number?
False
Is 3009907 a prime number?
True
Is 140333 composite?
False
Is 157 prime?
True
Is 12361 a composite number?
True
Is 1621417 composite?
True
Is 24841 a composite number?
False
Is 7863 a composite number?
True
Is 14143 composite?
False
Is 93169 a prime number?
True
Is 7405 a composite number?
True
Is 5699 a prime number?
False
Is 104537 a composite number?
False
Is 584471 a prime number?
True
Is 412549 composite?
True
Is 5245 a composite number?
True
Is 185 prime?
False
Is 6491 a composite number?
False
Is 56359 composite?
False
Is 756031 a composite number?
True
Is 15545 composite?
True
Is 470647 a prime number?
True
Is 761347 a prime number?
True
Is 186377 prime?
True
Is 927119 a prime number?
False
Is 39857 a composite number?
False
Is 219119 composite?
False
Is 10277 a prime number?
False
Is 66331 a prime number?
False
Is 78077 a prime number?
False
Is 54463 a composite number?
True
Is 70769 composite?
False
Is 55267 a composite number?
True
Is 78331 prime?
False
Is 425779 a composite number?
False
Is 490603 a composite number?
True
Is 75637 a composite number?
True
Is 21993 a prime number?
False
Is 17065 prime?
False
Is 320179 a prime number?
True
Is 37781 a prime number?
True
Is 15391 a composite number?
False
Is 13603 a prime number?
False
Is 159059 a composite number?
False
Is 32749 a prime number?
True
Is 4721 prime?
True
Is 2899 a prime number?
False
Is 16559 a prime number?
False
Is 117361 prime?
True
Is 5758 a composite number?
True
Is 66373 prime?
True
Is 13333 a prime number?
False
Is 66169 a prime number?
True
Is 29819 prime?
True
Is 75127 prime?
False
Is 127051 composite?
False
Is 5261 composite?
False
Is 34553 a composite number?
True
Is 235649 a composite number?
True
Is 16161 a composite number?
True
Is 309143 a composite number?
True
Is 22769 a composite number?
False
Is 2923 a composite number?
True
Is 7971 a prime number?
False
Is 16501 composite?
True
Is 46313 prime?
False
Is 296821 composite?
True
Is 11351 a prime number?
True
Is 50923 a composite number?
False
Is 47183 a composite number?
True
Is 103757 a prime number?
False
Is 27139 a prime number?
False
Is 54779 prime?
True
Is 1093987 a prime number?
False
Is 9197 composite?
True
Is 62917 prime?
False
Is 526973 prime?
False
Is 6299 a prime number?
True
Is 280823 prime?
False
Is 3163 a composite number?
False
Is 8711 prime?
False
Is 6617 a composite number?
True
Is 482627 a composite number?
False
Is 6349 a composite number?
True
Is 51257 a composite number?
False
Is 18841 a prime number?
False
Is 279857 composite?
False
Is 1211 a composite number?
True
Is 56362 a composite number?
True
Is 32107 a prime number?
False
Is 24031 a prime number?
False
Is 160723 composite?
False
Is 12361 prime?
False
Is 479005 prime?
False
Is 1776223 a composite number?
False
Is 9979 prime?
False
Is 1707 a prime number?
False
Is 50177 a prime number?
True
Is 1061699 composite?
False
Is 16581 a composite number?
True
Is 192971 a prime number?
True
Is 120403 composite?
True
Is 3163 a composite number?
False
Is 4829 composite?
True
Is 1024181 composite?
True
Is 2777 prime?
True
Is 8661 prime?
False
Is 194113 a composite number?
False
Is 614827 a prime number?
True
Is 89039 a prime number?
False
Is 131965 a prime number?
False
Is 26998 a composite number?
True
Is 